{"id":6,"date":"2011-07-11T15:28:25","date_gmt":"2011-07-11T15:28:25","guid":{"rendered":"http:\/\/msqui.juniorvoices.de\/?page_id=6"},"modified":"2025-09-11T07:47:26","modified_gmt":"2025-09-11T07:47:26","slug":"die-musikschule","status":"publish","type":"page","link":"http:\/\/www.musikschule-quickborn.de\/?page_id=6","title":{"rendered":"Die Musikschule"},"content":{"rendered":"<p>Die Musikschule der Stadt Quickborn geh\u00f6rt mit etwa 350 Sch\u00fclerinnen und Sch\u00fclern zu den gr\u00f6\u00dferen musikp\u00e4dagogischen Einrichtungen im Kreis Pinneberg. Sie ist Mitglied im Verband deutscher Musikschulen und bietet qualifizierten Unterricht und ein breit gef\u00e4chertes Angebot zu g\u00fcnstigen Konditionen.<\/p>\n<p>Ob im Einzel- oder Gruppenunterricht oder in den vielf\u00e4ltigen Ensembles: Fast alle Instrumente sind bei der Musikschule zu erlernen. Daneben werden Unterricht in Gesang, Musikgarten, Musikalische Fr\u00fcherziehung, Orientierungsstufe sowie spezielle Kurse f\u00fcr Kinder mit Handicap angeboten. Zum unverwechselbaren Profil einer \u00f6ffentlichen Musikschule geh\u00f6rt aber auch die Ensemblearbeit. Hier begegnen die Sch\u00fclerinnen und Sch\u00fcler einander, sie vertiefen das Erlernte und treten gemeinsam auf &#8211; ein Motivationsfaktor der besonderen Art. So macht immer wieder das Perkussionsensemble \u201cDrum Experience\u201d mit interessanten Programmen auf sich aufmerksam. Ein weiteres Aush\u00e4ngeschild ist seit Jahren die Big Band \u201cThe Greenhorns\u201d, die mit ihren musikalischen Aktivit\u00e4ten im Kulturleben Quickborns eine wichtige Rolle spielt. Mit dem Orchester der Musikschule sind schon viele Projekte realisiert worden, so etwa der \u201cKarneval der Tiere\u201d, \u201cPeter und der Wolf\u201d, \u201cPeer Gynt\u201d oder der \u201cSommernachtstraum\u201d. In letzter Zeit wurden einige Bandprojekte ins Leben gerufen, die die Jugendband-Szene Quickborns bereichern.<\/p>\n<p>Die Musikschule wurde 1988 gegr\u00fcndet und befindet sich in der Tr\u00e4gerschaft des \u201cVereins zur F\u00f6rderung der Musikschule der Stadt Quickborn\u201d. Die Arbeit wird erm\u00f6glicht durch die kontinuierliche Unterst\u00fctzung der Stadt Quickborn sowie des Landes Schleswig-Holstein. Das erfreuliche Spendenaufkommen von Firmen, Organisationen und Privatpersonen zeigt, da\u00df die Musikschule in der Quickborner \u00d6ffentlichkeit anerkannt ist. Dar\u00fcber hinaus leisten die Mitglieder des F\u00f6rdervereins einen bedeutenden Beitrag.<\/p>\n<p><strong>Tr\u00e4gerschaft:<\/strong> Verein zur F\u00f6rderung der Musikschule Quickborn e. V.<\/p>\n<p><strong>Gesch\u00e4ftsstelle: <\/strong>Heidkampstr. 10 (gr\u00fcner Eingang), 25451 Quickborn, Tel.: 04106 \/ 8 14 28, Mo. &#8211; Do. 9.30 &#8211; 12 Uhr.<\/p>\n<p><strong>E-Mail:<\/strong> <a href=\"mailto:info@musikschule-quickborn.de\">info@musikschule-quickborn.de<\/a><\/p>\n<p><strong>Leitung:<\/strong> Lorenz Jensen<\/p>\n<p><strong>Unterrichtsorte:<\/strong> Musikr\u00e4ume der allgemeinbildenden Schulen in Quickborn,\u00a0 Bandraum in der ehemaligen Heidkamp-Realschule,\u00a0 Schlagzeugraum auf dem Gel\u00e4nde des Schulzentrums S\u00fcd, Musikschulr\u00e4ume in der Goetheschule<\/p>\n<p><strong>Sch\u00fclerbelegungen:<\/strong> z. Zt. etwa 500<\/p>\n<p><strong>Lehrer:<\/strong> z. Zt. 22<\/p>\n<p><strong>F\u00e4cher: <\/strong>Klavier, Blockfl\u00f6te, Querfl\u00f6te,\u00a0 Klarinette, Fagott, Saxophon, Trompete,\u00a0 Posaune, Violine, Viola,\u00a0 Schlagzeug, Gitarre, E-Gitarre, E-Bass, Gesang, Musikgarten, Musikalische Fr\u00fcherziehung, Musikalische Grundausbildung, Orientierungsstufe, Musikunterricht im F\u00f6rderzentrum Ernst-Barlach, Kammermusik, Bl\u00e4serensembles, Orchester, Big Band, Bandprojekte<\/p>\n<p><strong>Mitglied im Verband deutscher Musikschulen (VdM)<\/strong><\/p>\n<p><strong>Gesch\u00e4ftsstelle des Regionalausschusses &#8222;Jugend musiziert&#8220; S\u00fcdholstein<\/strong><\/p>\n","protected":false},"excerpt":{"rendered":"<p>Die Musikschule der Stadt Quickborn geh\u00f6rt mit etwa 350 Sch\u00fclerinnen und Sch\u00fclern zu den gr\u00f6\u00dferen musikp\u00e4dagogischen Einrichtungen im Kreis Pinneberg. Sie ist Mitglied im Verband deutscher Musikschulen und bietet qualifizierten Unterricht und ein breit gef\u00e4chertes Angebot zu g\u00fcnstigen Konditionen. Ob im Einzel- oder Gruppenunterricht oder in den vielf\u00e4ltigen Ensembles: Fast alle Instrumente sind bei der [&hellip;]<\/p>\n","protected":false},"author":1,"featured_media":0,"parent":0,"menu_order":0,"comment_status":"closed","ping_status":"open","template":"","meta":[],"_links":{"self":[{"href":"http:\/\/www.musikschule-quickborn.de\/index.php?rest_route=\/wp\/v2\/pages\/6"}],"collection":[{"href":"http:\/\/www.musikschule-quickborn.de\/index.php?rest_route=\/wp\/v2\/pages"}],"about":[{"href":"http:\/\/www.musikschule-quickborn.de\/index.php?rest_route=\/wp\/v2\/types\/page"}],"author":[{"embeddable":true,"href":"http:\/\/www.musikschule-quickborn.de\/index.php?rest_route=\/wp\/v2\/users\/1"}],"replies":[{"embeddable":true,"href":"http:\/\/www.musikschule-quickborn.de\/index.php?rest_route=%2Fwp%2Fv2%2Fcomments&post=6"}],"version-history":[{"count":15,"href":"http:\/\/www.musikschule-quickborn.de\/index.php?rest_route=\/wp\/v2\/pages\/6\/revisions"}],"predecessor-version":[{"id":1606,"href":"http:\/\/www.musikschule-quickborn.de\/index.php?rest_route=\/wp\/v2\/pages\/6\/revisions\/1606"}],"wp:attachment":[{"href":"http:\/\/www.musikschule-quickborn.de\/index.php?rest_route=%2Fwp%2Fv2%2Fmedia&parent=6"}],"curies":[{"name":"wp","href":"https:\/\/api.w.org\/{rel}","templated":true}]}}