{"id":52,"date":"2011-11-25T11:14:53","date_gmt":"2011-11-25T11:14:53","guid":{"rendered":"http:\/\/msqui.juniorvoices.de\/?page_id=52"},"modified":"2025-09-11T07:49:40","modified_gmt":"2025-09-11T07:49:40","slug":"kontakt","status":"publish","type":"page","link":"http:\/\/www.musikschule-quickborn.de\/?page_id=52","title":{"rendered":"Kontakt"},"content":{"rendered":"<p><strong>Gesch\u00e4ftsstelle: <\/strong>Heidkampstr. 10 (gr\u00fcner Eingang), 25451 Quickborn<\/p>\n<p><strong>Gesch\u00e4ftszeiten:<\/strong>\u00a0 Mo. &#8211; Do. 9.30 &#8211; 12 Uhr<\/p>\n<p><strong>Telefon:<\/strong> 04106 \/ 8 14 28<\/p>\n<p><strong>E-Mail:<\/strong> <a href=\"mailto:info@musikschule-quickborn.de\">info@musikschule-quickborn.de<\/a><\/p>\n<p><strong>Mitglied im Verband deutscher Musikschulen (VdM)<\/strong><\/p>\n","protected":false},"excerpt":{"rendered":"<p>Gesch\u00e4ftsstelle: Heidkampstr. 10 (gr\u00fcner Eingang), 25451 Quickborn Gesch\u00e4ftszeiten:\u00a0 Mo. &#8211; Do. 9.30 &#8211; 12 Uhr Telefon: 04106 \/ 8 14 28 E-Mail: info@musikschule-quickborn.de Mitglied im Verband deutscher Musikschulen (VdM)<\/p>\n","protected":false},"author":1,"featured_media":0,"parent":0,"menu_order":98,"comment_status":"closed","ping_status":"open","template":"","meta":[],"_links":{"self":[{"href":"http:\/\/www.musikschule-quickborn.de\/index.php?rest_route=\/wp\/v2\/pages\/52"}],"collection":[{"href":"http:\/\/www.musikschule-quickborn.de\/index.php?rest_route=\/wp\/v2\/pages"}],"about":[{"href":"http:\/\/www.musikschule-quickborn.de\/index.php?rest_route=\/wp\/v2\/types\/page"}],"author":[{"embeddable":true,"href":"http:\/\/www.musikschule-quickborn.de\/index.php?rest_route=\/wp\/v2\/users\/1"}],"replies":[{"embeddable":true,"href":"http:\/\/www.musikschule-quickborn.de\/index.php?rest_route=%2Fwp%2Fv2%2Fcomments&post=52"}],"version-history":[{"count":12,"href":"http:\/\/www.musikschule-quickborn.de\/index.php?rest_route=\/wp\/v2\/pages\/52\/revisions"}],"predecessor-version":[{"id":1608,"href":"http:\/\/www.musikschule-quickborn.de\/index.php?rest_route=\/wp\/v2\/pages\/52\/revisions\/1608"}],"wp:attachment":[{"href":"http:\/\/www.musikschule-quickborn.de\/index.php?rest_route=%2Fwp%2Fv2%2Fmedia&parent=52"}],"curies":[{"name":"wp","href":"https:\/\/api.w.org\/{rel}","templated":true}]}}